t the prime factors of p(i).
337
Let t be 0/(-3 + 2/6*3). Suppose 2*l + t*l - 14 = 2*u, 4*u + 12 = -4*l. List the prime factors of (11 - -1) + 0/l + 0.
2, 3
Let q be 22/33*(-234)/(-4) + -4. List the prime factors of (6 + 7 + -1)*q.
2, 3, 5, 7
Suppose -11*n + 15*n + 13*n = 445672. What are the prime factors of n?
2, 29, 113
List the prime factors of ((-14501)/3 - 2)/(4/(-6))*2.
89, 163
Let w(d) be the third derivative of -41*d**4/24 - 175*d**3/3 - 122*d**2. List the prime factors of w(-22).
2, 3, 23
Let t = 33668 - 17418. List the prime factors of t.
2, 5, 13
Let f(d) = -3*d**3 + 4*d**2 - 5. Let j be f(-2). Suppose j*p - 5005 = 24*p. What are the prime factors of p?
5, 7, 13
Let i be -11*-4*(-3)/(-6). Suppose 24*z - i*z = -32. Let m(q) = q**2 + 14*q - 11. List the prime factors of m(z).
3, 7
Let y = -27008 - -32602. What are the prime factors of y?
2, 2797
Suppose -2*s = -g + 75262, -3*g + 384*s = 383*s - 225791. List the prime factors of g.
2, 3, 7
Let n(o) = -15*o**3 - 4*o**2 - 2*o + 9. Let h = -793 - -790. What are the prime factors of n(h)?
2, 3
Let u = -7764 + 12328. Suppose 0 = -12*z + 26*z - u. List the prime factors of z.
2, 163
Let q(i) = i**2 - 6*i + 12. Let r be q(8). Suppose r*f - 5 = 27*f. Suppose f*g - 83 = k - 250, -2*k = -5*g - 354. List the prime factors of k.
11, 17
Let i = -8132 - -26664. What are the prime factors of i?
2, 41, 113
Suppose 37 = 3*j - 191. Suppose j*b = 75*b + 914. What are the prime factors of b?
2, 457
Let z = -23 + 9. Let r be z/(-8) - 4/(-16). Suppose 0 = 5*i - r*o - 6 - 5, 4*i = o + 10. What are the prime factors of i?
3
Suppose -2*p + 502 - 12 = 0. Let a = 221 + p. What are the prime factors of a?
2, 233
Suppose -571*f + 581*f - 40 = 0. Suppose -5782 = -f*z - 2*u, -1468 = 6*z - 7*z + 4*u. List the prime factors of z.
2, 181
Let u(a) = a**3 + 7*a**2 + 10*a - 2. Suppose 0*y - 5 = y. Let k be u(y). List the prime factors of (-2 - k/4)*(-1464)/18.
2, 61
Suppose 18*n - 14*n + 4*p - 32 = 0, -4*n - 8 = -4*p. Suppose -3*w - n*h + 1098 = 0, 2*h = 3*w - 0*h - 1113. List the prime factors of w.
3, 41
Suppose -5*s + 18 = 2*o, 0*s - 3*s + 36 = 4*o. Suppose -9 = r + o. Let c = r + 36. List the prime factors of c.
2, 3
Let p = -4905 + 8885. List the prime factors of p.
2, 5, 199
Let w = -45065 + 65294. What are the prime factors of w?
3, 11, 613
Let q be 102/1632 + (-255)/(-16). Let f(m) = -9*m**2 - m + 1. Let z be f(1). Let j = z + q. List the prime factors of j.
7
Suppose 96*g = 90*g + 1494. Suppose -5*m + 4*m = 4*y - 341, 3*y = -3*m + g. List the prime factors of y.
2, 43
Let j(a) = 2570*a + 3256. What are the prime factors of j(13)?
2, 3, 7, 97
Let j(v) = -25*v - 9. Suppose -3*l + 6 = -5*l, 5*z - 4*l = 87. Suppose -6*o - z = -3. List the prime factors of j(o).
41
Let h = 17757 + -11986. List the prime factors of h.
29, 199
Let d be (2/(-4)*1)/(29/(-754)). Suppose 2*s + d = -111. List the prime factors of (1/(-4)*s)/(7/14).
31
Let f(m) = -m**3 + 13*m**2 - 12*m + 18. Let l(s) = 11*s - 54. Let o = -61 - -67. Let t be l(o). What are the prime factors of f(t)?
2, 3
Let h(z) = 8*z**2 - 13*z + 23. Let k = 547 - 538. What are the prime factors of h(k)?
2, 277
Let z(n) = n**2 + 8*n + 10. Let i be z(-11). Let x = i + -38. Suppose -5*s + 4*s - 2*w = -92, -x*w - 303 = -4*s. What are the prime factors of s?
2, 41
Let c = 18 - 18. Let y be c - (-4 + (-241)/1). Suppose -6*u = -u - y. What are the prime factors of u?
7
Let v be (299 - -4 - -3) + (-8)/(-2). Suppose -i - 4*p + 60 = -v, -5*p - 1093 = -3*i. List the prime factors of i.
2, 3, 61
Let f = 24538 + -7310. List the prime factors of f.
2, 59, 73
Let y = 12 - 2. Let w be y/(5*(-5)/(-325)). Suppose w = -4*d + 6*d. List the prime factors of d.
5, 13
Let p be (-96)/(-144) - (-5)/3*5. Let o(j) = -j**3 + 12*j**2 - 15*j - 12. List the prime factors of o(p).
2, 3
Let v(g) = 37*g**2 + 7*g - 89. Let k be v(9). Suppose -3*w + 606 = -5*f + k, 3*f - 1403 = 5*w. What are the prime factors of f?
2, 7, 17
Let g = -18 - -48. Suppose -5*a + 80 = 5*p, 3*a = -5*p - g + 120. What are the prime factors of p?
3, 7
Suppose 4*q + 4*i - 6 = 26, 0 = -5*i. Suppose -6*y - 10 = -q*y. Suppose -2*s - y*m = -350, 294 = -3*s - 4*m + 819. List the prime factors of s.
5, 7
Let y = 2 - -5. Suppose -5*s = -8 - y. Suppose 0 = 4*b - 5*p + s*p - 58, -10 = -b + 5*p. List the prime factors of b.
3, 5
Let t(v) = 32*v**2 - 78*v + 251. List the prime factors of t(3).
5, 61
Suppose -18*a + 15*a - 4*w + 60026 = 0, -4*w - 100118 = -5*a. List the prime factors of a.
2, 10009
Suppose 13*i - 9*i - 8 = 0. Suppose 0 = -p + 4*u - 11 - 1, -i*p - 8 = -4*u. Suppose -p*z - 3 + 15 = 0. What are the prime factors of z?
3
Suppose -5*i + 1372 - 217 = 0. Let n be ((i/(-12))/11)/((-2)/296). Let o = 380 - n. What are the prime factors of o?
11
Let g = -39 + 25. Let h(l) = -l**3 - 13*l**2 + 16*l + 35. Let n be h(g). List the prime factors of 9*27 + (n + -4)*-1.
2, 3, 5
Let o(x) = x**3 + 11*x**2 + 10*x + 2. Let g be o(-10). Suppose 4 = g*h + 3*r, 0*h - 2*r = 4*h - 8. Suppose -5*i - h*i = -420. List the prime factors of i.
2, 3, 5
Suppose 2 = -2*v + 16. Suppose 0*d + v*d = -665. Let z = d + 113. What are the prime factors of z?
2, 3
Suppose -2*a + 1 = 3*o, -5 = 5*o + 5*a - 0. Suppose 2*z = 2*w - 3*z - 1183, 3*w - o*z - 1752 = 0. List the prime factors of w.
3, 193
Let o(f) = 12 - 4 + 20 - 6 + 248*f. Let x be o(5). Suppose -352 + x = 5*n. List the prime factors of n.
2, 7, 13
Suppose 4*c + 4*w - 74850 = -c, -w - 14961 = -c. What are the prime factors of c?
2, 7, 1069
What are the prime factors of 40017*15/(-45)*1/2*-2?
13339
Let w(p) = -p**2 - 70*p - 125. Suppose 0 = -2*b - 37 - 33. What are the prime factors of w(b)?
2, 5, 11
Suppose 12*w + 2*y = 13*w - 26431, y = 2*w - 52877. List the prime factors of w.
137, 193
Suppose -299087 = -5*n + 3*s, 73*n - 75*n + 3*s + 119633 = 0. What are the prime factors of n?
2, 11, 2719
Let h(m) = 222*m + 16. Let c(j) = -256*j - 16. Let g(d) = -6*c(d) - 7*h(d). Let w(o) = o**2 - 7*o + 3. Let u be w(6). List the prime factors of g(u).
2, 19
Suppose 5*x - 5*s = 80, 3*s = x - 3*x + 32. Suppose 0 = -x*v - 15*v + 42873. What are the prime factors of v?
3, 461
Suppose 506650 + 479 = t + 40*t. List the prime factors of t.
3, 7, 19, 31
What are the prime factors of (1/4)/((-698)/(-72432856))?
25943
Let c(j) = -31*j**2 - 6 - 22*j**2 + 62*j**2 - 7*j. Let v be c(9). Suppose 5*x = -3*p + v, 1620 = 5*p - 4*x + 557. What are the prime factors of p?
5, 43
Let f = -10571 - -15386. List the prime factors of f.
3, 5, 107
Let g = -508 - -1478. Suppose 1438 = 3*h - 4*a, -h + 3*a = -3*h + g. Suppose h = 5*n - x, 2*x + 106 = -4*n + 486. List the prime factors of n.
2, 3
Suppose -4*c - 143287 = -5*a, 0 = -3*a - 9*c + 45954 + 39927. List the prime factors of a.
7, 4093
Let w be ((-7)/(-3))/(1 - 20/15). List the prime factors of (-84)/24*968/w.
2, 11
Suppose -144 = 2*l - 6*l. Let b be -60 + (4/6)/((-6)/l). What are the prime factors of 5*(6/(-15) - 0)*b?
2
Let n = -14 - -10. Let g be (-15)/(-1 - n)*19/(-5). Suppose -122 = 18*f - g*f. List the prime factors of f.
2, 61
Suppose i = -p + 6091, 5*i - 15336 - 15113 = p. What are the prime factors of i?
2, 3, 5, 7, 29
Suppose 5*q = -9*q - 5628. What are the prime factors of q/4*(-680)/60?
17, 67
Let k be -18 - (-2 - 4) - -7. List the prime factors of ((-4)/(-16) + k/(-20))*492.
2, 3, 41
Let x(q) = 28*q**3 - 3*q**2 + 8*q + 3. Let t be x(2). List the prime factors of (t/84)/((-2)/(-104)).
11, 13
Let g be -3 - (-7 - 2 - 0). Let w = g + -3. Suppose -2*d + 3*d - 44 = 2*b, -w*d + 132 = -4*b. What are the prime factors of d?
2, 11
Let r(m) = m**3 - 16*m**2 + 35*m - 14. Let l be r(14). List the prime factors of (-14)/((l/426)/(-7)).
7, 71
Suppose 2 = -t - 26. Let j(g) = -204 - 33*g + 134 + 116 - g**2. What are the prime factors of j(t)?
2, 3, 31
Let h(s) = 34*s**3 + 2*s**2 + 39*s - 97. What are the prime factors of h(6)?
7, 13, 83
Let l be (1 + 0)/((-3)/(-223))*3. Suppose -8 = -2*m - 2. Suppose m*s - 269 = l. List the prime factors of s.
2, 41
Suppose 4*b = -0*b + 16, -5*f + 146 = 4*b. Let w(d) = d**3 - 36*d**2 + 99*d - 11. Let a be w(33). List the prime factors of f - 1 - (15 + a).
3, 7
Suppose -5*g + 46643 = -82268 + 24651. List the prime factors of g.
2, 13, 401
Let n(k) = 223*k**3 - 12*k**